4851 is divided by 34940.
31
What is the remainder when 26031 is divided by 6?
3
What is the remainder when 255469 is divided by 13?
6
Calculate the remainder when 426573 is divided by 8.
5
Calculate the remainder when 463185 is divided by 6259.
19
Calculate the remainder when 517 is divided by 257.
3
What is the remainder when 11521 is divided by 3836?
13
What is the remainder when 1318721 is divided by 946?
943
Calculate the remainder when 170568 is divided by 50.
18
What is the remainder when 23682 is divided by 13?
9
What is the remainder when 518 is divided by 149?
71
Calculate the remainder when 84309 is divided by 172.
29
Calculate the remainder when 870898 is divided by 112.
98
Calculate the remainder when 12232 is divided by 12091.
141
Calculate the remainder when 367257 is divided by 43.
37
Calculate the remainder when 283 is divided by 258.
25
Calculate the remainder when 8220 is divided by 645.
480
Calculate the remainder when 24311 is divided by 12041.
229
Calculate the remainder when 7324 is divided by 457.
12
What is the remainder when 3350 is divided by 2987?
363
What is the remainder when 332912 is divided by 12?
8
What is the remainder when 38429 is divided by 61?
60
What is the remainder when 39834 is divided by 359?
344
Calculate the remainder when 16065 is divided by 5336.
57
What is the remainder when 7659 is divided by 2520?
99
What is the remainder when 10053 is divided by 265?
248
Calculate the remainder when 518 is divided by 6.
2
Calculate the remainder when 2308 is divided by 68.
64
What is the remainder when 22275 is divided by 2460?
135
Calculate the remainder when 1864 is divided by 360.
64
Calculate the remainder when 43188 is divided by 14393.
9
What is the remainder when 18637 is divided by 9?
7
What is the remainder when 20472 is divided by 691?
433
What is the remainder when 2835863 is divided by 9?
8
What is the remainder when 138400 is divided by 399?
346
What is the remainder when 11147 is divided by 879?
599
What is the remainder when 1942 is divided by 275?
17
Calculate the remainder when 21524 is divided by 1195.
14
What is the remainder when 5483 is divided by 784?
779
What is the remainder when 9305 is divided by 166?
9
Calculate the remainder when 6390 is divided by 94.
92
What is the remainder when 40627 is divided by 20283?
61
Calculate the remainder when 1196 is divided by 160.
76
What is the remainder when 1115 is divided by 254?
99
Calculate the remainder when 22354 is divided by 17.
16
What is the remainder when 1068555 is divided by 23?
21
Calculate the remainder when 4493 is divided by 57.
47
Calculate the remainder when 1180391 is divided by 12.
11
What is the remainder when 3107162 is divided by 55?
47
Calculate the remainder when 1832 is divided by 892.
48
Calculate the remainder when 10562 is divided by 1518.
1454
What is the remainder when 9918 is divided by 230?
28
Calculate the remainder when 238502 is divided by 116.
6
Calculate the remainder when 21091 is divided by 36.
31
What is the remainder when 6704 is divided by 48?
32
What is the remainder when 42811 is divided by 1019?
13
Calculate the remainder when 17115 is divided by 311.
10
What is the remainder when 4539 is divided by 1465?
144
What is the remainder when 9170 is divided by 2850?
620
What is the remainder when 32128 is divided by 50?
28
Calculate the remainder when 865708 is divided by 288562.
22
What is the remainder when 208062 is divided by 893?
886
What is the remainder when 4478 is divided by 412?
358
Calculate the remainder when 166504 is divided by 1936.
8
What is the remainder when 324373 is divided by 625?
623
Calculate the remainder when 872696 is divided by 218174.
0
Calculate the remainder when 59927 is divided by 11.
10
Calculate the remainder when 6366 is divided by 706.
12
Calculate the remainder when 140757 is divided by 24.
21
Calculate the remainder when 6339 is divided by 584.
499
What is the remainder when 12542 is divided by 6258?
26
Calculate the remainder when 32432 is divided by 141.
2
What is the remainder when 743320 is divided by 92913?
16
What is the remainder when 87617 is divided by 260?
257
What is the remainder when 57418 is divided by 348?
346
Calculate the remainder when 997 is divided by 712.
285
Calculate the remainder when 1266 is divided by 60.
6
Calculate the remainder when 1494276 is divided by 38.
2
Calculate the remainder when 84712 is divided by 21.
19
Calculate the remainder when 27396 is divided by 1522.
0
What is the remainder when 2629 is divided by 403?
211
Calculate the remainder when 3748 is divided by 617.
46
What is the remainder when 3894 is divided by 802?
686
Calculate the remainder when 94791 is divided by 578.
577
What is the remainder when 730227 is divided by 9?
3
What is the remainder when 37361 is divided by 1439?
1386
Calculate the remainder when 4099 is divided by 818.
9
Calculate the remainder when 84574 is divided by 388.
378
What is the remainder when 1181 is divided by 565?
51
What is the remainder when 8329 is divided by 59?
10
What is the remainder when 98991 is divided by 77?
46
What is the remainder when 41863 is divided by 13912?
127
Calculate the remainder when 118557 is divided by 39498.
63
What is the remainder when 2228 is divided by 77?
72
Calculate the remainder when 13087 is divided by 5.
2
Calculate the remainder when 236891 is divided by 1601.
1544
Calculate the remainder when 1191 is divided by 376.
63
What is the remainder when 7289048 is divided by 146?
144
What is the remainder when 79701 is divided by 76?
53
Calculate the remainder when 487 is divided by 81.
1
What is the remainder when 1009 is divided by 308?
85
What is the remainder when 3712 is divided by 28?
16
What is the remainder when 50946 is divided by 3918?
12
What is the remainder when 10301 is divided by 210?
11
Calculate the remainder when 15233 is divided by 155.
43
Calculate the remainder when 209572 is divided by 110.
22
Calculate the remainder when 50198 is divided by 837.
815
What is the remainder when 490 is divided by 243?
4
Calculate the remainder when 4273 is divided by 91.
87
Calculate the remainder when 34025 is divided by 1405.
305
Calculate the remainder when 1016 is divided by 1009.
7
Calculate the remainder when 293796 is divided by 25.
21
What is the remainder when 19245 is divided by 180?
165
What is the remainder when 58058 is divided by 385?
308
What is the remainder when 6895 is divided by 1142?
43
What is the remainder when 695642 is divided by 14?
10
Calculate the remainder when 2640 is divided by 659.
4
What is the remainder when 369515 is divided by 742?
741
Calculate the remainder when 27382 is divided by 162.
4
Calculate the remainder when 4537505 is divided by 907499.
10
What is the remainder when 1887 is divided by 1460?
427
Calculate the remainder when 13690 is divided by 567.
82
Calculate the remainder when 31693 is divided by 11.
2
Calculate the remainder when 543 is divided by 3.
0
What is the remainder when 62699 is divided by 9?
5
What is the remainder when 3838 is divided by 301?
226
Calculate the remainder when 83243 is divided by 48.
11
What is the remainder when 31234 is divided by 1946?
98
What is the remainder when 559437 is divided by 191?
189
Calculate the remainder when 18797 is divided by 36.
5
Calculate the remainder when 1104192 is divided by 43.
38
Calculate the remainder when 6984 is divided by 1439.
1228
Calculate the remainder when 960 is divided by 785.
175
What is the remainder when 13728 is divided by 86?
54
What is the remainder when 28532 is divided by 428?
284
Calculate the remainder when 87928 is divided by 14654.
4
Calculate the remainder when 1073236 is divided by 11.
10
Calculate the remainder when 1543 is divided by 728.
87
What is the remainder when 77325 is divided by 27?
24
Calculate the remainder when 58996 is divided by 200.
196
What is the remainder when 247 is divided by 4?
3
Calculate the remainder when 16651 is divided by 1383.
55
Calculate the remainder when 13595 is divided by 1942.
1
Calculate the remainder when 28341 is divided by 885.
21
What is the remainder when 22151051 is divided by 42?
41
What is the remainder when 243343 is divided by 9012?
19
What is the remainder when 21639 is divided by